**2 + 2*l + 2. Let g(p) = -p**2 - p + 2. Let v be g(-3). Is 5 a factor of x(v)?
True
Suppose 17*j = 12*j. Does 2 divide j/1*1 - -2?
True
Let i = -42 - -24. Let v = i - -33. Is 9 a factor of v?
False
Suppose -2*p = -6*p. Suppose 2*w + 6 = p, 3 = -5*i - 4*w + 1. Let u(t) = 3*t**2 + 2*t - 2. Does 7 divide u(i)?
True
Suppose -10*q = -14*q - 252. Let k be -1*(-104 + (-4)/2). Let d = q + k. Is d a multiple of 13?
False
Let r be (69/12)/((-1)/(-4)). Is (-1)/(-1) - (-6 - r) a multiple of 15?
True
Let u = 96 + -42. Is 12 a factor of u?
False
Let q = 3 - 1. Let f be -2*q/4*-43. Let r = f + -18. Does 15 divide r?
False
Let c(o) = -o**2 + 11*o + 1. Let l(d) = -d**3 - 5*d**2 - 6*d - 6. Let w be l(-4). Suppose -w*n + 6 = -n. Does 17 divide c(n)?
False
Let o(d) = 9*d + 2. Is o(6) a multiple of 16?
False
Let q(h) = h - 3. Let k be q(-13). Let c = k + 22. Is c a multiple of 4?
False
Let h be ((-69)/(-12))/((-2)/(-8)). Let l = h + -13. Is 10 a factor of l?
True
Let n(g) be the first derivative of -3*g**4/4 + g**2 + g - 1. Let q be n(-1). Suppose 0 = 5*o - 4*z - 60, 20 = 5*o + q*z + 2*z. Is 3 a factor of o?
False
Let k(u) = -u**2 - 5*u + 5. Let n be k(-5). Suppose -3*b + n*i = i - 287, 2*b - 196 = 5*i. Is b a multiple of 31?
True
Let h(m) = -m**3 + 7*m**2 + 12*m - 7. Let d(a) = a**2 + 6*a - 8. Let v be d(-8). Is h(v) a multiple of 15?
False
Suppose 1 - 2 = -h. Is 10/(-6)*(-2 - h) even?
False
Suppose w + 3 = 3*a, -3*w + 18 = 3*a + 3. Suppose 0 = -3*h - 5*s + 101, 2*h - a*s = 14 + 32. Is 9 a factor of h?
True
Suppose -64 = 2*l - 4*l. Suppose l = 3*b - 2*b - m, -2*m + 56 = 2*b. Is b a multiple of 10?
True
Suppose 2 = -2*n + 8. Suppose -2*t + u + 109 = 0, -20 = n*u + u. Is 28 a factor of t?
False
Let g(o) = -3*o - 2. Let c be g(-2). Suppose 3*x = -c*k + 57, -3*k + 6*k + 4*x - 48 = 0. Is 12 a factor of k?
True
Suppose 5*t + 865 = 10*t. Does 14 divide t?
False
Let d(a) = -9*a - 4. Let m(s) = -1. Let c(x) = -2*d(x) + 10*m(x). Does 17 divide c(2)?
True
Let q = 0 + 14. Does 12 divide q/(-21) + (-41)/(-3)?
False
Suppose -q - y + 12 = -67, 4*y = q - 54. Suppose -2*d = 2*d + 2*r - 142, -3*d + 5*r + q = 0. Is d a multiple of 16?
False
Suppose -4*m - m = -245. Is 18 a factor of m?
False
Let a(p) = -5*p - 2 + 3 - p. Let t = 2 + -4. Is a(t) a multiple of 13?
True
Let h be (-6)/9 - 400/(-6). Let i = h - 32. Is 14 a factor of i?
False
Suppose 160 = -0*g + 4*g. Suppose 4*m + 37 = -51. Let k = g + m. Is k a multiple of 8?
False
Suppose -2*c = 4*x - 14, 4*x + 0 = -4*c + 8. Let m = c + 8. Suppose -3*q = -m*y + 51, 42 = 4*y - q - 2*q. Is 9 a factor of y?
True
Suppose 5*p - 15 = -2*m, -m - 11 - 19 = -5*p. Suppose -4*q + 0*q = 0. Let d = p + q. Is 3 a factor of d?
False
Let m = -14 + 25. Let k(w) = -9*w + 5. Let y(r) = 3*r - 2. Let h(f) = m*y(f) + 4*k(f). Is 16 a factor of h(-6)?
True
Suppose 5*s - 5*k - 17 = 18, 0 = 2*s + k - 20. Suppose -4*o = -5*o + s. Is o a multiple of 4?
False
Let j(p) be the first derivative of p**3/3 - 7*p**2/2 + 5*p - 1. Is 5 a factor of j(7)?
True
Let w = 23 + 3. Is w a multiple of 26?
True
Let t(f) = -2*f + 10. Let i = -29 - -21. Is t(i) a multiple of 5?
False
Let b(o) = o**3 + 3*o**2 - 4*o - 3. Let g(f) = f**3 - 7*f**2 - 9*f + 6. Let d be g(8). Is 9 a factor of b(d)?
True
Suppose 3*d = -2*d + 20. Suppose 0 = t + f - 5, d*f = 5*t - 3*t + 8. Suppose t*y = 9 + 5. Is 7 a factor of y?
True
Let a(h) = -36*h - 4. Is 28 a factor of a(-4)?
True
Let r be (-4)/6 + (-4)/(-6). Is 10 a factor of -1*(-19 - r)*1?
False
Let m be (-1295)/77 + 2/(-11). Let x(j) = j**2 + 2*j - 3. Let d be x(-3). Is 12 a factor of -2 - (m - (0 + d))?
False
Let s = 8 - 5. Is -3 - s/(9/(-21)) a multiple of 2?
True
Let z(p) be the third derivative of p**7/2520 + p**6/120 + p**5/24 - p**4/8 - p**2. Let m(c) be the second derivative of z(c). Is 2 a factor of m(-6)?
False
Let p(i) = 2*i**2 + 31*i + 23. Does 29 divide p(-20)?
True
Suppose -a = a. Does 7 divide 3/(a + (-3)/(-18))?
False
Suppose 0*w - 4*u + 219 = 5*w, -90 = -2*w - u. Suppose 0 = -p + v - 4 + w, 3*p = -v + 121. Suppose g - p = -g + c, 4*g - 85 = 5*c. Is 10 a factor of g?
True
Suppose -4*k + 36 = -0*k. Is 23 a factor of 12/k*2*9?
False
Suppose 4*m + 4*u - 1 + 21 = 0, 0 = 5*m + 4*u + 23. Does 11 divide (2 - -1)*(-23)/m?
False
Suppose 12*a + 0*a - 240 = 0. Is a a multiple of 4?
True
Let d be (3 - 2)/((-1)/(-19)). Suppose 0*v + 5*l = -v - d, 0 = -2*v + 5*l + 22. Suppose 4*h - 47 = 5*y, 2*h - 5*y + v = 32. Is h a multiple of 8?
True
Let l(z) = z - 2*z - 5 - 2. Let h be l(-6). Is -7*(h - -3)/(-2) a multiple of 7?
True
Let k(s) = -s**3 - 11*s**2 - 10*s + 7. Does 3 divide k(-10)?
False
Let x(m) = -3*m - 1. Does 4 divide x(-5)?
False
Let j(p) = -2 + 2*p - 2*p + 0*p - 5*p. Is j(-4) a multiple of 18?
True
Suppose 2*v = -2*s - 2, -s + 3*v = 5 - 20. Is s a multiple of 2?
False
Suppose 3*z = 2*d + 2, 0*z - 4*z - 4*d = 4. Suppose z = -q - 4*q + 10. Is q a multiple of 2?
True
Let y = -158 + 354. Let w = 280 - y. Is w a multiple of 21?
True
Let t be (-4)/10 + (-28)/5. Let x(y) = -y**3 - 5*y**2 + 5*y + 7. Let l be x(t). Let p = l + -9. Does 3 divide p?
False
Suppose 3*n - 3 = -9. Let c = 23 + n. Does 7 divide c?
True
Let g(w) = -w**3 + w**2 - w - 2. Let o be g(0). Let a(d) = 7*d**2. Is 14 a factor of a(o)?
True
Let k(m) = m**2 + 3*m. Let i be k(6). Let x = i - 33. Is x a multiple of 13?
False
Let f be 2*2 - (-1 + -1). Let w = 0 + f. Suppose r - 5*p = -10, r = 2*p - 1 + w. Does 10 divide r?
False
Let c = 5 - 1. Let r(f) = -f**3 + 3*f**2 + 4*f + 2. Let w be r(c). Suppose -p = -2*i + 5*i + 12, 1 = -3*p - w*i. Is p a multiple of 2?
False
Let z(h) = h + 7 + 0*h + 0*h + 0. Is z(5) a multiple of 3?
True
Let h be (-3)/6 + (-141)/(-6). Let l = h + 40. Is 21 a factor of l?
True
Let s(p) = p - 3. Let r be s(7). Suppose 0 = n - r*f - 16, 5*f = -5 - 15. Is 0 + n + (12 - 0) a multiple of 6?
True
Suppose 0 = -2*l + 79 + 69. Let x(d) = -2*d**3 - 4*d**2 - 2*d - 3. Let j be x(-3). Suppose 4*t + 3*i - j - l = 0, -5*i - 15 = 0. Is t a multiple of 13?
True
Let s(n) = -3*n**2 - 3*n - 1. Let m be s(-3). Let l = m - -10. Does 16 divide (3/(-1))/(l/96)?
True
Suppose -3*s - q + 217 = 0, -3*s - q + 215 = q. Does 14 divide s?
False
Let y(s) = 108*s - 1. Let f be y(-2). Let x be f - (2 - (2 - 3)). Is x/(-16) - 2/(-8) a multiple of 5?
False
Is (-3)/3*(-18 - -4) a multiple of 14?
True
Suppose 0 = -12*i + 3*i + 333. Does 20 divide i?
False
Does 9 divide 26 + (-3 + 4)*-2?
False
Let t be (10/6)/((-1)/(-3)). Suppose 15 = -u - 3*a, -4*a - 7 = -t*u + 2*u. Is 4 a factor of 1/u - 26/(-6)?
True
Let a be (-3 - -5) + 75 + -1. Let q be 1/(a/(-74) + 1). Let k = 61 + q. Is k a multiple of 12?
True
Let u(m) = 3*m**2 + 4*m - 12*m + 5 - 4*m**2. Let i be u(-8). Suppose -5*r + 50 = i*q, 0 = 5*r - 4*q - 26 - 42. Does 6 divide r?
True
Let z(q) = 52*q - 3. Let c be z(3). Let a = c - 66. Suppose -2*p + a - 19 = -4*l, -p = -3*l - 36. Does 15 divide p?
True
Suppose -d - 11 = -2*n, 2*n + 3*d - 33 = -3*n. Suppose -3*k = -n - 6. Suppose 6*f - b = f + 104, -3*b = k*f - 68. Is f a multiple of 14?
False
Let i(g) = g - 2. Let k be i(2). Suppose k = -0*s + 2*s - 36. Suppose -4*h = -6 - s. Is h a multiple of 3?
True
Let r(t) = 4*t - 12. Let x be r(4). Is 16 a factor of (-49 + 1)/(-4) + x?
True
Suppose -3*i = 2*w + 214, 3*w = -i + 5*i + 308. Let h = i + 103. Is h a multiple of 9?
False
Let x = 0 - 0. Suppose -j = -x*j. Suppose 2*n = -j*n + 52. Is n a multiple of 13?
True
Suppose -y = 2*r + y - 38, -r = -4*y - 9. Is r a multiple of 13?
False
Let o be 4/3*(-690)/(-20). Suppose -z + o = -9. Is 11 a factor of z?
True
Let v(u) = -u**3 - 2*u**2 + 7*u + 10. Is 14 a factor of v(-4)?
True
Let v(w) = w + 11. Let f be v(-10). Let x = 80 + f. Does 27 divide x?
True
Let a = -104 + 120. Does 2 divide a?
True
Let t = 13 - -19. Let j = 27 + t. Is 19 a factor of j?
False
Suppose 6*j - 3*j = 5*n + 210, -5*n + 50 = j. Does 5 divide j?
True
Suppose -3*k = 2*k + i - 14, -4*k + 3*i = 4. Suppose 3*q - 2*b - 549 = 0, 4*q = -k*b + 279 + 467. Suppose -5*o - 60 = -q. Does 14 divide o?
False
Let p = 33 + -20. Is 4 a factor of p?
False
Let c = 6 - 4. Suppose -5*x - g = -16, -x + c*g = g - 2. Suppose -132 = -b - x*b. Does 14 divide b?
False
Let q = 181 + -108. Let o = q + -46. Does 9 divide o?
True
Suppose -4*a = -24 - 24. Suppose -2 + a = 2*l. 